{"id":21,"date":"2013-11-18T19:26:04","date_gmt":"2013-11-18T18:26:04","guid":{"rendered":"http:\/\/peter-krick.de\/claussnitzer\/?page_id=21"},"modified":"2023-08-02T21:21:34","modified_gmt":"2023-08-02T20:21:34","slug":"schneidemaschinen","status":"publish","type":"page","link":"https:\/\/claussnitzer-waagen.de\/?page_id=21","title":{"rendered":"Schneidemaschinen"},"content":{"rendered":"<h1><span style=\"color: #ffffff;\">Das Familienunternehmen GRAEF steht seit mehr als 50 Jahren f\u00fcr anwenderorientierte Qualit\u00e4tsprodukte &#8222;Made in Germany.&#8220;<\/span><\/h1>\n<p>Neben den Schneidemaschinen, Halb- und Vollautomaten f\u00fcr den gewerblichen Bereich, haben sich vor allem die GRAEF Allesschneider f\u00fcr den Privat-Haushalt einen Namen gemacht. National wie international sind sie f\u00fcr ihre au\u00dfergew\u00f6hnliche Verarbeitung, Langlebigkeit und nicht zuletzt ihr Design bekannt und beliebt.<br \/>\n<iframe loading=\"lazy\" style=\"width: 625px; height: 328px;\" src=\"\/\/www.youtube.com\/embed\/iQi9tpl92jI?feature=player_detailpage\" width=\"600\" height=\"3375\" frameborder=\"0\" allowfullscreen=\"allowfullscreen\"><\/iframe><br \/>\n<img decoding=\"async\" loading=\"lazy\" class=\"aligncenter  wp-image-174\" src=\"https:\/\/claussnitzer-waagen.de\/wp-content\/uploads\/2013\/11\/Made-in-Germany.png\" alt=\"Made in Germany\" width=\"99\" height=\"99\" \/><\/p>\n<h2><span style=\"color: #ffffff;\">Graef\u00a0VA 802 vollautomatische Schneidemaschine<\/span><\/h2>\n<div>\n<p><strong>Die Premium-Vollautomatenserie f\u00fcr Profis \u2013 Perfektion als Prinzip.<\/strong><\/p>\n<\/div>\n<p>F\u00fcr spezielle Schneidgutarten oder Kleinstmengen im Thekenbetrieb l\u00e4sst sich der Schlitten durch einfaches Umstellen des T-Griffes unterhalb des Schlittens auf die Halbautomatenfunktion umstellen. Die Servo-unterst\u00fctzung des Schlittens sorgt f\u00fcr einen m\u00fchelosen Lauf des Schlittens ohne zus\u00e4tzlichen Kraftaufwand<\/p>\n<p><a href=\"https:\/\/claussnitzer-waagen.de\/wp-content\/uploads\/2014\/05\/Graef-VA.png\"><img decoding=\"async\" loading=\"lazy\" class=\"aligncenter size-medium wp-image-199\" src=\"https:\/\/claussnitzer-waagen.de\/wp-content\/uploads\/2014\/05\/Graef-VA-300x285.png\" alt=\"Graef VA\" width=\"300\" height=\"285\" srcset=\"https:\/\/claussnitzer-waagen.de\/wp-content\/uploads\/2014\/05\/Graef-VA-300x285.png 300w, https:\/\/claussnitzer-waagen.de\/wp-content\/uploads\/2014\/05\/Graef-VA.png 450w\" sizes=\"(max-width: 300px) 100vw, 300px\" \/><\/a><\/p>\n<div>\n<h2 id=\"fulllength\"><span style=\"color: #ffffff;\">Graef\u00a0EURO 3020VS mit Vario-Slice Schlitten<\/span><\/h2>\n<\/div>\n<p>Der einzigartige, patentierte Vario-Slice Schlitten garantiert ein sicheres und effizientes Arbeiten in optimaler Ergonomie. Durch ein einfaches Umschwenken des Schlittens in die V-Stellung bleibt das Schneidgut immer an der Schlittenr\u00fcckwand liegen &#8211; bis zur letzten Scheibe.<\/p>\n<p><img decoding=\"async\" loading=\"lazy\" class=\"wp-image-105 aligncenter\" src=\"https:\/\/claussnitzer-waagen.de\/wp-content\/uploads\/2014\/03\/Graef-3020-VS-300x285.png\" alt=\"Graef 3020 VS\" width=\"270\" height=\"257\" srcset=\"https:\/\/claussnitzer-waagen.de\/wp-content\/uploads\/2014\/03\/Graef-3020-VS-300x285.png 300w, https:\/\/claussnitzer-waagen.de\/wp-content\/uploads\/2014\/03\/Graef-3020-VS.png 450w\" sizes=\"(max-width: 270px) 100vw, 270px\" \/><\/p>\n<h2><span style=\"color: #ffffff;\">Concept Line<\/span><\/h2>\n<div>\n<div id=\"shortened\"><strong>Kompromisslos im Alltag ! Ein stimmiges Konzept, das \u00fcberzeugt<\/strong><\/div>\n<div id=\"fulllength\">\n<p>AUF KLEINSTEM RAUM CLEVER KOMBINIEREN<br \/>\nMit den Profi-Allesschneidern der Concept Line erg\u00e4nzen wir unsere bew\u00e4hrte Gewerbelinie. Gewerbliche Nutzer erhalten damit Ger\u00e4te an die Hand, die sie nach dem Baukastenprinzip ganz ihren individuellen Anforderungen anpassen k\u00f6nnen.<br \/>\nOb es um die kreative Zubereitung von SlicedKitchen-Spezialit\u00e4ten in der Gastronomie geht oder darum, an der Frischetheke rasch gro\u00dfe Mengen an Aufschnitt zu verarbeiten \u2013 die Concept-Maschinen sind h\u00f6chst wandlungsf\u00e4hige Allesk\u00f6nner unter den Allesschneidern.<\/p>\n<p style=\"text-align: center;\"><a href=\"https:\/\/claussnitzer-waagen.de\/wp-content\/uploads\/2020\/03\/concept-30.png\"><img decoding=\"async\" loading=\"lazy\" class=\"size-medium wp-image-480 alignleft\" src=\"https:\/\/claussnitzer-waagen.de\/wp-content\/uploads\/2020\/03\/concept-30-300x300.png\" alt=\"\" width=\"300\" height=\"300\" srcset=\"https:\/\/claussnitzer-waagen.de\/wp-content\/uploads\/2020\/03\/concept-30-300x300.png 300w, https:\/\/claussnitzer-waagen.de\/wp-content\/uploads\/2020\/03\/concept-30-1024x1024.png 1024w, https:\/\/claussnitzer-waagen.de\/wp-content\/uploads\/2020\/03\/concept-30-150x150.png 150w, https:\/\/claussnitzer-waagen.de\/wp-content\/uploads\/2020\/03\/concept-30-768x768.png 768w, https:\/\/claussnitzer-waagen.de\/wp-content\/uploads\/2020\/03\/concept-30.png 1400w\" sizes=\"(max-width: 300px) 100vw, 300px\" \/><\/a><a href=\"https:\/\/claussnitzer-waagen.de\/wp-content\/uploads\/2020\/03\/Concept-25-S-Aufschnittmaschine.jpg\"><img decoding=\"async\" loading=\"lazy\" class=\"size-medium wp-image-484 aligncenter\" src=\"https:\/\/claussnitzer-waagen.de\/wp-content\/uploads\/2020\/03\/Concept-25-S-Aufschnittmaschine-300x300.jpg\" alt=\"\" width=\"300\" height=\"300\" srcset=\"https:\/\/claussnitzer-waagen.de\/wp-content\/uploads\/2020\/03\/Concept-25-S-Aufschnittmaschine-300x300.jpg 300w, https:\/\/claussnitzer-waagen.de\/wp-content\/uploads\/2020\/03\/Concept-25-S-Aufschnittmaschine-1024x1024.jpg 1024w, https:\/\/claussnitzer-waagen.de\/wp-content\/uploads\/2020\/03\/Concept-25-S-Aufschnittmaschine-150x150.jpg 150w, https:\/\/claussnitzer-waagen.de\/wp-content\/uploads\/2020\/03\/Concept-25-S-Aufschnittmaschine-768x768.jpg 768w, https:\/\/claussnitzer-waagen.de\/wp-content\/uploads\/2020\/03\/Concept-25-S-Aufschnittmaschine.jpg 1400w\" sizes=\"(max-width: 300px) 100vw, 300px\" \/><\/a><\/p>\n<\/div>\n<\/div>\n<h1><span style=\"color: #ffffff; text-decoration: underline;\">Auch das ist m\u00f6glich Schwungradmaschinen aus dem Hause Graef\u00a0<\/span><\/h1>\n<p><a href=\"https:\/\/claussnitzer-waagen.de\/wp-content\/uploads\/2014\/03\/Greaf-Schwungrad.jpg\"><img decoding=\"async\" loading=\"lazy\" class=\"aligncenter size-medium wp-image-152\" src=\"https:\/\/claussnitzer-waagen.de\/wp-content\/uploads\/2014\/03\/Greaf-Schwungrad-202x300.jpg\" alt=\"Greaf Schwungrad\" width=\"202\" height=\"300\" srcset=\"https:\/\/claussnitzer-waagen.de\/wp-content\/uploads\/2014\/03\/Greaf-Schwungrad-202x300.jpg 202w, https:\/\/claussnitzer-waagen.de\/wp-content\/uploads\/2014\/03\/Greaf-Schwungrad.jpg 432w\" sizes=\"(max-width: 202px) 100vw, 202px\" \/><\/a><\/p>\n","protected":false},"excerpt":{"rendered":"<p>Das Familienunternehmen GRAEF steht seit mehr als 50 Jahren f\u00fcr anwenderorientierte Qualit\u00e4tsprodukte &#8222;Made in Germany.&#8220; Neben den Schneidemaschinen, Halb- und Vollautomaten f\u00fcr den gewerblichen Bereich, haben sich vor allem die GRAEF Allesschneider f\u00fcr den Privat-Haushalt einen Namen gemacht. National wie international sind sie f\u00fcr ihre au\u00dfergew\u00f6hnliche Verarbeitung, Langlebigkeit und nicht zuletzt ihr Design bekannt und &hellip; <\/p>\n<p><a class=\"more-link btn\" href=\"https:\/\/claussnitzer-waagen.de\/?page_id=21\">Weiterlesen<\/a><\/p>\n","protected":false},"author":1,"featured_media":0,"parent":0,"menu_order":0,"comment_status":"open","ping_status":"open","template":"","meta":[],"_links":{"self":[{"href":"https:\/\/claussnitzer-waagen.de\/index.php?rest_route=\/wp\/v2\/pages\/21"}],"collection":[{"href":"https:\/\/claussnitzer-waagen.de\/index.php?rest_route=\/wp\/v2\/pages"}],"about":[{"href":"https:\/\/claussnitzer-waagen.de\/index.php?rest_route=\/wp\/v2\/types\/page"}],"author":[{"embeddable":true,"href":"https:\/\/claussnitzer-waagen.de\/index.php?rest_route=\/wp\/v2\/users\/1"}],"replies":[{"embeddable":true,"href":"https:\/\/claussnitzer-waagen.de\/index.php?rest_route=%2Fwp%2Fv2%2Fcomments&post=21"}],"version-history":[{"count":31,"href":"https:\/\/claussnitzer-waagen.de\/index.php?rest_route=\/wp\/v2\/pages\/21\/revisions"}],"predecessor-version":[{"id":578,"href":"https:\/\/claussnitzer-waagen.de\/index.php?rest_route=\/wp\/v2\/pages\/21\/revisions\/578"}],"wp:attachment":[{"href":"https:\/\/claussnitzer-waagen.de\/index.php?rest_route=%2Fwp%2Fv2%2Fmedia&parent=21"}],"curies":[{"name":"wp","href":"https:\/\/api.w.org\/{rel}","templated":true}]}}